{"id":2672,"date":"2025-09-10T06:52:16","date_gmt":"2025-09-10T06:52:16","guid":{"rendered":"https:\/\/evolutt.com\/evolutt\/?page_id=2672"},"modified":"2025-09-10T07:09:59","modified_gmt":"2025-09-10T07:09:59","slug":"nuestra-diferencia","status":"publish","type":"page","link":"https:\/\/evolutt.com\/evolutt\/nuestra-diferencia\/","title":{"rendered":"Nuestra diferencia"},"content":{"rendered":"<p>Hoy en d\u00eda, cualquier herramienta de inteligencia artificial genera im\u00e1genes brutales en segundos y con el tiempo una empresa podr\u00e1 crear cualquier dise\u00f1o sin problemas.<\/p>\n<p><strong>Pero lo que la IA no puede hacer es crear marcas en el sentido m\u00e1s amplio de la palabra, basadas en una estrategia s\u00f3lida, coherente y con un prop\u00f3sito, y que adem\u00e1s conecten aspectos emocionales intr\u00ednsecamente ligados a los seres humanos.<\/strong><\/p>\n<p>Aqu\u00ed es donde entra evolutt, vanguardista en branding y creaci\u00f3n de contenidos. Evolutt es un dise\u00f1ador de marca y constructor de universos.<\/p>\n<p><span style=\"color: #ff9900;\"><strong>5 Puntos clave que marcan la diferencia entre un estudio que sobreviven utilizando la IA y evolutt con soluciones relevantes para las empresas con presupuestos superreducidos en costes de producci\u00f3n y de gran valor para las marcas. Resultados altamente creativos, impactantes y notorios capaces de crear un alto rendimiento en leads.<\/strong><\/span><\/p>\n<p><span style=\"color: #ff9900;\">1: Evolutt es un estudio de dise\u00f1o con instinto estrat\u00e9gico. Inteligencia Artificial vs Inteligencia Emocional.<\/span><br \/>\nEs el valor diferencial para aquellos que no s\u00f3lo buscan un simples estudio de dise\u00f1o y creaci\u00f3n de contenidos que sabe usar las nuevas herramientas generativas de dise\u00f1o basadas en IA.<br \/>\nPero lo que nos diferencia del resto de estudios es la Inteligencia Emocional, el alma de evolutt: tiene criterio ni intuici\u00f3n ni empat\u00eda nuestra experiencia en los distintos mercados y sectores nos han forjado competencias personales, sociales y emocionales capaces de influir en los consumidores. La inteligencia Emocional es la m\u00e1s importante. Sabemos comunicar ideas, resoluci\u00f3n de problemas, aplicar el sentido com\u00fan y conectar emocionalmente que su target.<br \/>\nTenemos la capacidad de comprender lo que una marca necesita para destacar en su categor\u00eda. Somos estrategas. Hacemos las preguntas correctas, comprendemos el negocio de nuestros clientes, su contexto, mercado y p\u00fablico. Resolvemos problemas.<br \/>\nSabemos definir un prop\u00f3sito, una personalidad y una narrativa que permita a la marca conectar con sus clientes. El uso de la IA viene despu\u00e9s para contribuir a esa estrategia.<\/p>\n<p><span style=\"color: #ff9900;\">2: Dominamos el arte de briefing.<\/span><br \/>\nNuestros proyectos triunfan porque sabemos qu\u00e9 preguntas hacer al principio y c\u00f3mo interpretar la informaci\u00f3n que recibimos.<br \/>\nLo m\u00e1s importante es alinear expectativas, descubrir fortalezas, debilidades y ambiciones. El principio fundamental es hacer un buen briefing con el cliente. Evolutt ha evolucionado el cl\u00e1sico briefing y ahora hace din\u00e1micas de trabajo superproductivas en vivo con el cliente que ahorran tiempo y dinero al cliente y resultan mucho m\u00e1s eficaces y rentables. Creamos una relaci\u00f3n fluida de confianza con el cliente y esto es fundamental para que todo fluya. Percibes detalles que ser\u00edan imposibles de detectar para sacar todo el jugo a la fase de descubrimiento aprende a realizar las preguntas correctas, a organizarlas y a utilizar herramientas colaborativas, si empiezas a construir la marca con tu cliente desde el minuto uno ser\u00e1 mucho m\u00e1s f\u00e1cil acertar<\/p>\n<p><span style=\"color: #ff9900;\">3: Analizamos a la competencia para posicionar una marca.<\/span><br \/>\nEncontramos un territorio propio que le permita construir su posici\u00f3n desde la relevancia, la diferenciaci\u00f3n y aportando valor a sus audiencias. No copiamos lo que hacen los dem\u00e1s. Hacemos lo contrario; detectar en qu\u00e9 puede ser diferente y no hablo solo de auditar aspectos visuales hablo de analizar estrat\u00e9gicamente a todos tus competidores esa marca tendr\u00e1 mucho m\u00e1s claro qu\u00e9 debe proyectar y cu\u00e1l es su mensaje adem\u00e1s extraer los componentes estrat\u00e9gicos de tu competencia te va a permitir encontrar huecos en la categor\u00eda territorios por explotar necesidades que no han sido cubiertas es decir te va a permitir detectar obst\u00e1culos amenazas y oportunidades y eso es oro puro para diferenciar a tu cliente.<\/p>\n<p><span style=\"color: #ff9900;\">4: Comprendemos el verdadero valor de una marca.<\/span><br \/>\nLo que hace sentir a las personas son todos esos significados que nos vienen a la cabeza cuando pensamos en ella debes aprender a construir marcas desde la base desde los cimientos para luego poder proyectar hacia fuera con solidez coherencia y con un significado claro definir el territorio el prop\u00f3sito la visi\u00f3n la misi\u00f3n los valores la personalidad la propuesta de valor hay un mont\u00f3n de componentes que puedes definir para dar forma a la marca todo esto te va a dar herramientas y argumentos de sobra para entender qu\u00e9 debes construir y c\u00f3mo hacerlo el dise\u00f1o gr\u00e1fico es la expresi\u00f3n visual de todo eso es la expresi\u00f3n de una identidad previamente definida y es que construir un universo visual que sea atractivo y que t\u00e9cnicamente est\u00e9 bien hecho no es lo dif\u00edcil es mantener la coherencia durante todo el proceso y hacerlo de forma estrat\u00e9gica es decir que ese universo visual sea la respuesta a una estrategia de marca previamente definida y que esa estrategia de marca sea la respuesta a un briefing y a una auditor\u00eda de la categor\u00eda bien hecha eso es lo realmente dif\u00edcil y bonito de la construcci\u00f3n de marca y eso es lo que realmente aporta valor porque una marca es como una persona se construye por dentro para dar forma a lo de fuera as\u00ed que si no empiezas a construir lo de dentro lo de fuera podr\u00e1 ser muy bonito, pero no tendr\u00e1 alma, ser\u00e1 simplemente superficial y est\u00e9tico.<\/p>\n<p><span style=\"color: #ff9900;\">5: Integramos la IA a nuestro proceso de trabajo con intenci\u00f3n estrat\u00e9gica.<\/span><br \/>\nLa IA nos da la velocidad, para liberar tiempo y enfocarnos en lo realmente importante construir marcas con significado y valor real.<br \/>\nEvolutt tiene la capacidad de adquirir en tiempo r\u00e9cord los conocimientos t\u00e9cnicos y habilidades espec\u00edficas para el dominio de las herramientas de dise\u00f1o y los nuevos modelos de producci\u00f3n audiovisual generados por la Inteligencia Artificial, que cada vez lo hace m\u00e1s r\u00e1pido y m\u00e1s econ\u00f3mico.<br \/>\nLo hacemos en la direcci\u00f3n adecuada para aportar valor a\u00f1adido a la marca y hacerla atractiva. Usamos la IA para producir im\u00e1genes bonitas y animaciones espectaculares que con las herramientas cl\u00e1sicas ser\u00edan imposibles o muy costosas de generar. Pero partimos siempre de una estrategia s\u00f3lida, con intenci\u00f3n y prop\u00f3sito que conecte con una audiencia concreta, que hagan la marca atractiva y generen ventas. La estrategia de marca con tono adecuado, los valores, los matices culturales o las conexiones emocionales hacen la marca humana. Incorporamos la IA dentro de nuestro proceso como apoyo t\u00e9cnico sin que sustituya la creatividad.<\/p>\n<p>&nbsp;<\/p>\n<h4 class=\"et_pb_module_header\"><em>Dime tu idea. La convertiremos en un buen briefing para ofrecerte un trabajo \u00fanico y funcional.<\/em><\/h4>\n<div class=\"et_pb_blurb_description\"><strong>Contacto directo:<\/strong><br \/>\nKico F. Uribe<br \/>\nTel. 616 929 640<\/div>\n<div><\/div>\n<p>&nbsp;<\/p>\n","protected":false},"excerpt":{"rendered":"<p>Hoy en d\u00eda, cualquier herramienta de inteligencia artificial genera im\u00e1genes brutales en segundos y con el tiempo una empresa podr\u00e1 crear cualquier dise\u00f1o sin problemas. Pero lo que la IA no puede hacer es crear marcas en el sentido m\u00e1s amplio de la palabra, basadas en una estrategia s\u00f3lida, coherente y con un prop\u00f3sito, y [&hellip;]<\/p>\n","protected":false},"author":2,"featured_media":0,"parent":0,"menu_order":0,"comment_status":"closed","ping_status":"closed","template":"","meta":{"_et_pb_use_builder":"","_et_pb_old_content":"","_et_gb_content_width":"","footnotes":""},"class_list":["post-2672","page","type-page","status-publish","hentry"],"_links":{"self":[{"href":"https:\/\/evolutt.com\/evolutt\/wp-json\/wp\/v2\/pages\/2672","targetHints":{"allow":["GET"]}}],"collection":[{"href":"https:\/\/evolutt.com\/evolutt\/wp-json\/wp\/v2\/pages"}],"about":[{"href":"https:\/\/evolutt.com\/evolutt\/wp-json\/wp\/v2\/types\/page"}],"author":[{"embeddable":true,"href":"https:\/\/evolutt.com\/evolutt\/wp-json\/wp\/v2\/users\/2"}],"replies":[{"embeddable":true,"href":"https:\/\/evolutt.com\/evolutt\/wp-json\/wp\/v2\/comments?post=2672"}],"version-history":[{"count":1,"href":"https:\/\/evolutt.com\/evolutt\/wp-json\/wp\/v2\/pages\/2672\/revisions"}],"predecessor-version":[{"id":2673,"href":"https:\/\/evolutt.com\/evolutt\/wp-json\/wp\/v2\/pages\/2672\/revisions\/2673"}],"wp:attachment":[{"href":"https:\/\/evolutt.com\/evolutt\/wp-json\/wp\/v2\/media?parent=2672"}],"curies":[{"name":"wp","href":"https:\/\/api.w.org\/{rel}","templated":true}]}}